tiple of 3?
True
Does 16 divide 3690544?
True
Does 157 divide 75674?
True
Does 176 divide 2513984?
True
Is 6 a factor of 950754?
True
Does 117 divide 306891?
True
Is 513264 a multiple of 629?
True
Does 26 divide 420563?
False
Does 366 divide 340746?
True
Is 49 a factor of 1031401?
True
Is 81 a factor of 2239823?
False
Is 1801775 a multiple of 29?
False
Is 161147 a multiple of 16?
False
Does 31 divide 324670?
False
Is 614789 a multiple of 7?
True
Does 8 divide 333653?
False
Does 27 divide 193023?
True
Does 444 divide 2915631?
False
Is 46 a factor of 117944?
True
Does 24 divide 1652880?
True
Is 1437967 a multiple of 1329?
False
Is 274584 a multiple of 34?
True
Does 90 divide 22488?
False
Does 18 divide 1571693?
False
Is 37985 a multiple of 2?
False
Is 44880 a multiple of 176?
True
Does 269 divide 499533?
True
Is 1041384 a multiple of 12?
True
Is 95 a factor of 139080?
True
Does 66 divide 164076?
True
Is 109 a factor of 164210?
False
Is 8 a factor of 5150584?
True
Is 296 a factor of 918553?
False
Does 8 divide 5112?
True
Does 55 divide 6895460?
True
Does 9 divide 35829?
True
Is 349184 a multiple of 32?
True
Is 45 a factor of 1392300?
True
Is 279622 a multiple of 5?
False
Is 88961 a multiple of 35?
False
Does 53 divide 92049?
False
Does 649 divide 10238713?
False
Is 3375092 a multiple of 24?
False
Does 659 divide 1053082?
True
Does 179 divide 466653?
True
Does 8 divide 72579?
False
Is 597488 a multiple of 16?
True
Is 14 a factor of 2969162?
True
Is 88 a factor of 109648?
True
Is 10 a factor of 2543230?
True
Is 58 a factor of 3470765?
False
Is 5 a factor of 27783?
False
Is 7421 a multiple of 21?
False
Is 869 a factor of 1302861?
False
Does 122 divide 14057?
False
Is 109 a factor of 63983?
True
Is 7785 a multiple of 16?
False
Is 29254 a multiple of 2?
True
Does 178 divide 181916?
True
Is 15044610 a multiple of 14?
True
Does 14 divide 128698?
False
Is 500 a factor of 39774?
False
Is 3800310 a multiple of 225?
False
Is 138245 a multiple of 6?
False
Does 5 divide 14512?
False
Is 25886 a multiple of 65?
False
Is 34800 a multiple of 80?
True
Does 673 divide 574812?
False
Is 1188546 a multiple of 7?
False
Is 57711 a multiple of 158?
False
Does 303 divide 432987?
True
Is 62586 a multiple of 123?
False
Does 4 divide 56758?
False
Is 47 a factor of 906751?
False
Is 2256153 a multiple of 681?
True
Is 10419784 a multiple of 18?
False
Is 642 a factor of 11689396?
False
Is 87 a factor of 1961928?
False
Is 3 a factor of 109700?
False
Is 116 a factor of 79460?
True
Does 120 divide 2687520?
True
Does 693 divide 58435?
False
Is 252 a factor of 80582?
False
Is 3484 a multiple of 4?
True
Is 105 a factor of 125254?
False
Is 12 a factor of 72521?
False
Does 201 divide 429537?
True
Does 49 divide 335503?
True
Is 211554 a multiple of 6?
True
Is 170504 a multiple of 4?
True
Is 267241 a multiple of 61?
True
Is 457775 a multiple of 51?
False
Is 341 a factor of 8890893?
True
Is 5797288 a multiple of 644?
True
Does 432 divide 1169814?
False
Is 1178079 a multiple of 11?
False
Does 5 divide 249922?
False
Is 20138 a multiple of 2?
True
Is 23198 a multiple of 22?
False
Does 97 divide 6167768?
False
Is 22 a factor of 2232010?
True
Does 10 divide 2204173?
False
Is 10 a factor of 70560?
True
Is 25 a factor of 69762?
False
Does 125 divide 41750?
True
Is 199528 a multiple of 28?
True
Is 3469962 a multiple of 20?
False
Is 61 a factor of 262056?
True
Does 4 divide 145?
False
Is 3459708 a multiple of 42?
True
Is 653961 a multiple of 133?
True
Is 91 a factor of 427905?
False
Is 10 a factor of 4718866?
False
Does 6 divide 151135?
False
Does 83 divide 191096?
False
Is 2 a factor of 7938?
True
Is 1658052 a multiple of 237?
True
Is 698 a factor of 360168?
True
Is 38281 a multiple of 3?
False
Is 14 a factor of 210952?
True
Is 11 a factor of 101959?
True
Does 532 divide 517278?
False
Does 75 divide 130500?
True
Is 575 a factor of 476100?
True
Does 5 divide 94981?
False
Is 852 a factor of 4994658?
False
Is 625548 a multiple of 21?
True
Is 23445522 a multiple of 123?
True
Is 67 a factor of 277313?
True
Does 1735 divide 4320150?
True
Is 695 a factor of 2056756?
False
Is 14476 a multiple of 47?
True
Does 65 divide 1203280?
True
Is 892501 a multiple of 44?
False
Does 33 divide 38049?
True
Is 31 a factor of 32185?
False
Is 14837277 a multiple of 21?
True
Is 11142510 a multiple of 37?
False
Is 69635 a multiple of 19?
True
Is 21734 a multiple of 203?
False
Does 35 divide 182315?
True
Is 559 a factor of 179439?
True
Does 12 divide 132637?
False
Does 62 divide 30752?
True
Is 5969 a multiple of 6?
False
Does 14 divide 14780?
False
Does 19 divide 695191?
True
Is 515844 a multiple of 18?
True
Is 13 a factor of 358085?
True
Does 3 divide 38894?
False
Is 1883463 a multiple of 87?
True
Is 18 a factor of 254178?
True
Does 1313 divide 3949504?
True
Does 39 divide 44843?
False
Is 78423 a multiple of 22?
False
Does 4 divide 77027?
False
Does 777 divide 2677769?
False
Is 16 a factor of 1919696?
True
Does 52 divide 16276?
True
Is 107130 a multiple of 8?
False
Does 26 divide 478004?
False
Does 29 divide 3693047?
False
Is 80364 a multiple of 181?
True
Does 1307 divide 12468656?
False
Does 25 divide 7264300?
True
Does 419 divide 5222609?
False
Does 217 divide 5859?
True
Is 3 a factor of 177875?
False
Is 363 a factor of 598096?
False
Is 108 a factor of 42012?
True
Is 1069026 a multiple of 6?
True
Is 288 a factor of 2338058?
False
Is 8792 a multiple of 6?
False
Is 10 a factor of 20254848?
False
Does 335 divide 1380870?
True
Does 8 divide 263963?
False
Is 175 a factor of 483764?
False
Is 7 a factor of 6369125?
True
Is 15 a factor of 213692?
False
Is 357 a factor of 7319791?
False
Is 44838 a multiple of 94?
True
Is 6 a factor of 3588?
True
Does 9 divide 192443?
False
Is 66 a factor of 9042?
True
Is 420 a factor of 255360?
True
Does 245 divide 167538?
False
Is 10 a factor of 65530?
True
Does 118 divide 91077?
False
Is 43073 even?
False
Is 123812 a multiple of 13?
True
Is 37912 a multiple of 15?
False
Is 4 a factor of 705288?
True
Does 125 divide 119000?
True
Does 3 divide 299517?
True
Is 162107 a multiple of 11?
True
Is 21657088 a multiple of 256?
True
Is 288 a factor of 602208?
True
Is 3873756 a multiple of 578?
True
Does 9 divide 12906?
True
Does 83 divide 2382246?
False
Is 289062 a multiple of 6?
True
Does 65 divide 86509?
False
Is 2094615 a multiple of 2?
False
Is 458 a factor of 740586?
True
Does 352 divide 67936?
True
Is 75833 even?
False
Is 12580050 a multiple of 121?
False
Is 2078310 a multiple of 365?
True
Does 22 divide 19998?
True
Is 40975 a multiple of 22?
False
Does 5 divide 4791?
False
Is 50032 a multiple of 236?
True
Does 359 divide 350384?
True
Is 116921 a multiple of 7?
True
Is 190820 a multiple of 35?
True
Is 24 a factor of 14626776?
True
Is 11689305 a multiple of 249?
True
Does 13 divide 2508688?
True
Is 893716 a multiple of 14?
False
Is 120330 a multiple of 90?
True
Is 287 a factor of 309386?
True
Is 13 a factor of 10256156?
False
Is 304 a factor of 801344?
True
Is 150 a factor of 54150?
True
Is 325 a factor of 132915?
False
Is 16 a factor of 7607360?
True
Is 428241 a multiple of 11?
True
Is 652717 a multiple of 13?
True
Does 60 divide 1787100?
True
Does 5 divide 1116069?
False
Is 299 a factor of 1365890?
False
Is 328032 a multiple of 24?
True
Does 2095 divide 10535749?
False
Is 647010 a multiple of 45?
True
Is 549 a factor of 8542989?
True
Is 105 a factor of 54046?
False
Is 7 a factor of 456372?
True
Is 19 a factor of 16098871?
True
Does 44 divide 327888?
True
Is 44 a factor of 251467?
False
Is 22 a factor of 219965?
False
Is 79 a factor of 876742?
True
Is 98 a factor of 1948159?
False
Does 19 divide 6536303?
False
Is 595173 a multiple of 30?
False
Does 39 divide 3470844?
True
Is 94 a factor of 92496?
True
Does 177 divide 27435?
True
Is 4026468 a multiple of 48?
False
Is 17516 a multiple of 265?
False
Is 15 a factor of 188752?
False
Does 260 divide 866320?
True
Does 18 divide 3042188?
False
Does 23 divide 667?
True
Is 915943 a multiple of 179?
True
Is 324432 a multiple of 108?
True
Is 183 a factor of 268278?
True
Is 120 a factor of 29400333?
False
Is 450370 a multiple of 290?
True
Is 124 a factor of 845928?
True
Is 15 a factor of 1658627?
False
Is 8981763 a multiple of 973?
True
Is 736 a factor of 13